ppose v = 5*v - 12. Let c(b) = v*b + 50 + b - 3*b - 2*b. What are the prime factors of c(0)?
2, 5
What are the prime factors of 225/(-1*5/(-15))?
3, 5
Let z = -1384 + 4165. What are the prime factors of z?
3, 103
What are the prime factors of (1 + -6)/(-10)*758?
379
Let f(m) = m + 5. Let b be f(0). Let u = 0 + b. Suppose -4*o + 7*o = 2*i + 22, 0 = -u*o + 4*i + 36. What are the prime factors of o?
2
Let a be (15/(-12))/(3/12). Let u = a - -8. Suppose -u*i = -5*i + 32. List the prime factors of i.
2
Let l(d) = 132*d**2 + 23*d - 4. What are the prime factors of l(-4)?
2, 3, 7
Let d(l) = l**3 - l**2 - 4*l + 1. Let i be d(4). Suppose -5*g = 25, -5*g - i = -2*q + q. Let n(s) = 2*s + 5. List the prime factors of n(q).
3, 7
Let s(k) be the second derivative of -k**5/20 - k**4/3 - 4*k**3/3 + 3*k**2 + 14*k. List the prime factors of s(-7).
11, 19
Suppose 209 = -3*z + 2*m - 69, -5*z - 495 = 3*m. Let i = 92 - z. List the prime factors of i.
2, 47
Suppose -3*f = -0*f + 3. Let d be -4 - (f - 12*-1). Let b = d + 33. What are the prime factors of b?
2, 3
Let p be 0 + 2 + 2 + -1 + -5. What are the prime factors of 4 + (-295)/p*2?
13, 23
Let p(w) = 3*w**2 + 12*w - 2. What are the prime factors of p(11)?
17, 29
Suppose 12382 = 8*t - 20442. List the prime factors of t.
11, 373
Let b(n) = 2*n - 4. Let k be b(2). Suppose 20*t - 27*t + 434 = k. What are the prime factors of t?
2, 31
Suppose 2*q = q + 25. Suppose 11 = z + 9. Suppose i - 53 = -i - 5*g, z*g = -i + q. What are the prime factors of i?
19
Suppose 0*p + 27 = 3*p. Let n be (-1)/(-9)*16 + 2/9. Suppose -p = -n*k + 1. What are the prime factors of k?
5
Suppose 0 = -n - 0*n + 21. List the prime factors of n.
3, 7
Let r(z) = z - 2. Let v be r(4). Suppose v = -4*i - 6. Let x(a) = 13*a**2 + 5*a + 4. List the prime factors of x(i).
2, 23
Let g be (-798)/4*76/57. Let b = -72 - g. List the prime factors of b.
2, 97
Let o = 53 + -34. Suppose d - 3*k + 7 - o = 0, -3*d + 4*k = -51. List the prime factors of d.
3, 7
Suppose 0 = p + 4*y - 75 - 75, y = -5. List the prime factors of p.
2, 5, 17
Let x = 113 + 78. What are the prime factors of x?
191
Let r = -7 - -5. Let f be r/(3/((-99)/2)). Suppose y + k - 5*k - 12 = 0, 5*k = 2*y - f. List the prime factors of y.
2, 3
Suppose 2*i = 3*o - 65, -2*o = 11*i - 8*i - 52. What are the prime factors of o?
23
Suppose -13 = 5*j + 2*v, -5 = j - 0*j + v. Let q be (2/j)/2*2. What are the prime factors of (66/18)/(q/(-12))?
2, 11
Suppose 26*u = 10*u + 7232. List the prime factors of u.
2, 113
Suppose -5*w = 3561 - 11586. What are the prime factors of w?
3, 5, 107
Suppose -22*o = -17*o + 5*b - 380, 2*o + b - 154 = 0. What are the prime factors of o?
2, 3, 13
List the prime factors of 12/(-4)*(-1270)/15.
2, 127
Let v(h) = 41*h**2 + 2*h - 5. Let n be v(2). Let g = -15 + n. List the prime factors of g.
2, 37
Let m be 14/7*3/6. List the prime factors of (-50)/(1*(2 - m))*-1.
2, 5
Let y(v) = -3*v**3 - 2*v**2 + 27*v + 257. What are the prime factors of y(-7)?
3, 37
Let g(h) = -1084*h - 46. List the prime factors of g(-1).
2, 3, 173
Let y = -18 + 32. Let v be y*(18/4 + -1). Suppose -5*i = 2*l - v - 139, 5*i = l + 191. List the prime factors of i.
2, 19
Let w(y) = y**2 + 10*y + 6. Suppose -v + 0*v - 52 = 4*l, -2*l - 26 = -3*v. Let m be w(l). Suppose 5*d - m = 40. What are the prime factors of d?
17
Suppose u + 4 = 3*u. Suppose u*w - 52 = -2*w. Let i = w + -2. List the prime factors of i.
11
Let l(r) = -8*r - 10. List the prime factors of l(-3).
2, 7
Let o(p) be the first derivative of p**4/4 - 4*p**3/3 - 2*p**2 + 4*p - 1. Let z be o(4). What are the prime factors of ((-2)/4)/(2/z)?
3
Suppose s = -5*o + 3450, 3803 = 5*o + 5*s + 373. List the prime factors of o.
691
Suppose -32*y - b = -28*y - 2778, -1398 = -2*y - 5*b. What are the prime factors of y?
2, 347
Suppose -3*w = -2*w - 2. Suppose -4*t = -w*t - 32. Suppose -t = -v - 2*g, -4*v - 3*g = -45 - 39. List the prime factors of v.
2, 3
Let m(j) = -49*j**3 - 8*j**2 - 5*j - 10. List the prime factors of m(-3).
2, 157
Let c be ((-14)/8)/((-4)/(-32)). Let o = c + 11. What are the prime factors of (-74)/o - 10/15?
2, 3
Suppose 575 = 4*m - 2*n + 229, -4*m + 3*n = -349. List the prime factors of 543/18 + -3 + m/30.
2, 3, 5
Let f = -50 + 51. Let m(l) = 141*l**3 + 3*l**2 - 3*l + 2. What are the prime factors of m(f)?
11, 13
What are the prime factors of 31/(-5)*-577 + 24/40?
2, 1789
Suppose -20312 = -10*j + 4178. What are the prime factors of j?
31, 79
Let c = 8 - 7. What are the prime factors of 354/11 - c - (-8)/(-44)?
31
Let y be 4*-1 - (15 - 28). Suppose y*r - 4*r = 4*u + 21, -3*r - u = -16. Suppose -2*b + 0*b - 8 = -4*w, -r*w = 2*b - 28. What are the prime factors of w?
2
Let k(c) = 28*c**2 + 2*c + 3. Let a be k(-2). Suppose 0 = 2*r - a + 11. What are the prime factors of r?
2, 5
Suppose 5*y + 2*d + 36 = 6*d, 4*d = y + 20. Let l(z) = -z**2 - 11*z - 7. Let h be l(y). Let b = -7 + h. What are the prime factors of b?
2, 7
What are the prime factors of 49404/16 - -9 - 6/8?
2, 3, 43
Suppose 17 + 3 = 5*y, -5*p + 680 = -5*y. Suppose 8*v - 13*v = -p. Suppose v = 3*z + l, z - 3*l = -3*z + 33. List the prime factors of z.
3
Let c(v) = 4*v**3 - v**2 - 2*v - 1. Let q be c(-1). Suppose -k = 4*z - 13, 2*k - 4*z + 22 + 0 = 0. List the prime factors of k/(-2)*q/(-1).
2, 3
Let v = -105 + 45. Let p = v + 125. List the prime factors of p.
5, 13
Let v = 48 + 165. Suppose -v = 5*d - 1598. What are the prime factors of d?
277
Let z(s) = 14*s**2 - 34*s - 172. What are the prime factors of z(-6)?
2, 67
Let s(b) = -b**2 + 9*b - 2. Let u be s(9). Let v = 0 - u. Let h(z) = 2*z - 1. What are the prime factors of h(v)?
3
Let m(r) = -r**2 - 11*r - 11. Let j be m(-10). Let k(z) = -39*z**2 - z. Let n be k(j). Let v = 64 + n. List the prime factors of v.
2, 13
Let k = -205 + 2136. What are the prime factors of k?
1931
Let n(u) = 30*u + 2. Let a be n(3). Suppose 3*g - 605 = -a. List the prime factors of g/15 - 12/(-20).
2, 3
Suppose -r + 4*s = -152, -5*r + 6*r - 3*s = 148. What are the prime factors of r?
2, 17
Let p(k) = k**3 - 8*k**2 - 9*k + 4. Let q be (-2)/((-4)/18)*1. Let s be p(q). Suppose s*n + h = 46, 1 = -n + 3*h + 6. List the prime factors of n.
11
Let q(g) = -g. Let h(x) = x**2 + 25*x + 4. Let n(v) = -h(v) - 6*q(v). List the prime factors of n(-14).
2, 3, 11
Let c = 36 + 42. Suppose c = -0*t + 3*t - v, 5*v + 65 = 2*t. What are the prime factors of t?
5
Suppose 15105 = 13*t - 18214. What are the prime factors of t?
11, 233
Let y = 1398 - 371. What are the prime factors of y?
13, 79
Let d = 778 + -622. What are the prime factors of d?
2, 3, 13
Let h = 260 + 100. What are the prime factors of h?
2, 3, 5
List the prime factors of (-15642)/12*(-2)/3.
11, 79
List the prime factors of (-3)/(((-15)/526)/5).
2, 263
Let o(s) = -s**3 + 6*s**2 + s + 8. Let y be (-4)/(-6) - (-112)/21. Let v be o(y). Suppose 0 = d - 8 - v. List the prime factors of d.
2, 11
Let c(g) = -35*g - 79. Let b be (64/(-80))/(1/10). List the prime factors of c(b).
3, 67
Let l = 488 + -203. List the prime factors of l.
3, 5, 19
Let q be ((-7)/(7/(-3)))/3. List the prime factors of (-1)/(2/(-84))*q.
2, 3, 7
What are the prime factors of -1180*(-9 + 145/20)?
5, 7, 59
Let i(m) = -m**3 - 9*m**2 - m + 8. List the prime factors of i(-12).
2, 113
Let w = 202 - -2306. What are the prime factors of w?
2, 3, 11, 19
List the prime factors of 3 - 8 - (-994 - -11).
2, 3, 163
Let z = -848 + 1681. What are the prime factors of z?
7, 17
Let l = 9972 - 4704. What are the prime factors of l?
2, 3, 439
Let t(c) = 32*c**2 + 2 + 6*c - 22 + 3*c**2 - 13*c**2 + 2*c**3. What are the prime factors of t(-10)?
2, 3, 5
Let r(q) = q**3 + 17*q**2 + 2*q + 5. What are the prime factors of r(-16)?
229
Let w = -10 + 13. Suppose 5*o - w*n - 320 = n, 320 = 5*o + 2*n. List the prime factors of o.
2
Let d(g) = 16*g - 2. Let c be d(1). Let l = 3 + -5. What are the prime factors of c + l*(4 - 6)?
2, 3
Suppose 28*c = -5*c + 64713. List the prime factors of c.
37, 53
Let v be (0 + (-2)/3)/((-2)/(-6)). List the prime factors of v/4 - 1704/(-16).
2, 53
Let s(k) = 42*k**2 - 3*k. Let h be s(-3). Suppose h = 3*r - 0*r. What are the prime factors of r?
3, 43
Suppose 0 = 2*l + 2*y - 1448, -4*l + 3393 - 513 = -4*y. What are the prime factors of l?
2, 19
Let s